**2 + 7*l + 4. Let x(q) = 33*q**3 + 11*q**2 - 13*q - 9. Let t(b) = 7*n(b) + 3*x(b). What is t(7)?
-27
Let u(t) = -t + 3. Let o = 19 - -8. Let k = -27 + o. Determine u(k).
3
Let x(s) = s**3 + 6*s**2 - s - 6. Suppose 3*r + 1 = 4, 4*f + 25 = r. Let w be x(f). Let z(m) = m**3 + 4 - 6 + w - 6*m - m**2 + 5*m**2. Determine z(-5).
3
Let w(n) be the second derivative of -n**5/20 + n**4/4 + 2*n**3/3 - n**2 + 4*n. Let i be -4*(-2 - -3)*(-5 - -4). Determine w(i).
-2
Let t(h) = -3*h - 1. Suppose 0 = 15*g - 12*g - 858. Let n be 6/(-18) - g/6. Let w be (2/(-6))/(16/n). What is t(w)?
-4
Let b be (117/(-6))/3*2. Let l(c) = 9*c**2 - 10*c + 7. Let m(k) = 4*k**2 - 5*k + 3. Let v(i) = b*m(i) + 6*l(i). Calculate v(-3).
6
Let q(f) = 2 - 4 - 6*f + 0 + 4*f. Suppose t - 7 = -0. Suppose 1 = 4*m - t. Calculate q(m).
-6
Let j be 3 - (3 + -2*3). Let w = -6 + 7. Let k(o) = 10*o + w - 16*o + 7*o. Give k(j).
7
Let y(j) = -2*j**3 + 9*j**2 - 19*j + 56. Let x be y(4). Let g(d) = -d - 5. Give g(x).
-1
Let q(a) be the third derivative of -a**5/60 + a**4/8 + 2*a**3 - 289*a**2. Calculate q(6).
-6
Let f(y) = 4*y. Let d be (21/(-5) + 5)*(-65)/(-2). Let r = -29 + d. What is f(r)?
-12
Let n(q) = 4*q - 1. Suppose 3*l + 18 = -3*s, -2*l + l - 3*s = 16. What is n(l)?
-5
Let w(b) = -b**2 + b. Let y = 8 + -3. Suppose 0 = y*l - 10. Let f be w(l). Let s(x) = x**3 + 3*x**2 + 2*x + 2. Calculate s(f).
2
Let r be 9 - (0 - 35/(-7)). Let o(h) be the third derivative of 0*h + 0 + 1/6*h**3 - 1/15*h**6 - 1/24*h**r - 1/60*h**5 - 5*h**2. Give o(1).
-9
Let a(h) = -h**3 + h**2 - h - 7. Suppose 64 = n + c, -243 - 85 = -5*n - 3*c. Let y = 68 - n. Determine a(y).
-7
Let c be 2/(-5) - 375/(-900). Let q(x) be the third derivative of 0*x + 0 - c*x**5 - 1/24*x**4 - 5*x**2 - 1/3*x**3. What is q(2)?
-8
Let b(c) = c**2 - c - 10. Let k be (-4)/(-6)*(-6)/(-4). Suppose -4*h + k + 11 = 0. Suppose -h*v + 0*v = 0. Calculate b(v).
-10
Let g(x) be the second derivative of -34*x**3/3 - x**2/2 - 129*x. Give g(1).
-69
Let i(g) = g**3 - 6*g**2 - 8*g + 5. Let w be i(7). Let z be w/(44/(-52) - -1). Let o = 8 + z. Let r(l) = l - 6. What is r(o)?
-11
Let p(i) = i**2. Let x(c) = 0*c + 3 - c - c**2 - 9. Let a(g) = 5*p(g) + x(g). Let k(b) be the first derivative of a(b). Calculate k(1).
7
Let d(k) = -k - 1. Let i(c) = c. Let l = 13 + -9. Let z(r) = l*i(r) + 3*d(r). Give z(9).
6
Let n = -457 - -459. Let p(c) be the second derivative of 0 + 1/2*c**n - 2/3*c**3 + 9*c. Determine p(1).
-3
Let d(u) = 5*u**2 + 0 - 4*u + 0 - 3*u**2. Let s be d(3). Let p(v) = 3 + 2*v - 9 + 0*v. Determine p(s).
6
Let x(j) = j. Let f be (15/(-6))/(1/(-2)). Let n be x(f). Suppose -n*v + 19 = -3*q, 2*q + 4 + 7 = 3*v. Let h(l) = -2*l. What is h(q)?
-4
Let m(j) = 3*j - 8. Let v(a) = 13*a - 31. Let x(o) = -9*m(o) + 2*v(o). Suppose -1 = 4*q - 5. Suppose -w = -5 - q. Calculate x(w).
4
Let r(j) = j + 31. Let v be r(0). Suppose -n - 2*y - 5 = 0, -3*y - y - v = -5*n. Let p(g) = g**3 - 4*g**2 + g - 1. Give p(n).
-7
Let h(f) be the second derivative of 3*f**5/10 - 2*f**4/3 + f**3/3 - f**2/2 - 9*f. Let m(s) = s**3 - s. Let j(b) = h(b) - 5*m(b). Give j(7).
-1
Suppose -2*c + 72 = 80. Let u be 161/(-207) - c/(-18). Let b(x) be the second derivative of -x**3/6 + x. Give b(u).
1
Suppose 0 = 5*w - 0*w. Let o(j) be the first derivative of -j**5/60 - j**4/24 + j**3/2 - 4*j**2 - 5. Let z(d) be the second derivative of o(d). Determine z(w).
3
Suppose -g = -4*g + 15. Let w(u) = 7*u - 6*u + 2 - g*u**2 + 2*u**3 - u**3. Let c be 2/4*2 - -2. Calculate w(c).
-13
Suppose 69 = 3*r + z, 144 = 5*r - z + 21. Suppose r = 4*i - 0*i. Let b(v) = -v**3 + 5*v**2 + 5*v + 8. What is b(i)?
2
Let l(j) = 31*j - 8 + 37*j + 26*j - 96*j. Give l(9).
-26
Let t = -7 - -15. Suppose -t*s + 4*s = -20. Let a(x) = 2 + 3*x**2 + 6*x + x**3 - s*x + 2*x**2. What is a(-4)?
14
Suppose -124 = -5*s + 116. Suppose 4 - s = 4*k. Let q(w) = -18*w**2 - 7*w - 1. Let c(p) = -35*p**2 - 13*p - 2. Let a(v) = k*q(v) + 6*c(v). Determine a(-1).
-12
Let j(i) = -i**3 + 5*i**2 + 8*i - 9. Suppose -u + 6*u = 5*p - 40, 0 = -4*p - 3*u + 18. Let q be 1 - (-1 - (p + 2)). Let g be (-80)/(-14) + q/35. What is j(g)?
3
Let b(c) = -c**2 - 6. Let p be 12/144*12 - -4. Give b(p).
-31
Let t(o) = 180*o**2 + 1080*o + 7. Let m be t(-6). Let g(y) be the third derivative of y**5/60 - y**4/4 + y**3/6 + y**2. Calculate g(m).
8
Let p(q) = -q**2 + 10*q + 9. Let t be p(11). Let b = 5 - t. Let n(y) = -6*y + b - 3*y**2 - 7 + y**3 + 2. Determine n(4).
-6
Let w(m) = -m - 11. Let r be (-4 + 0 + 14)*-2. Let v = r - -17. Let c be 2 + (-8 - (v - -2)). Give w(c).
-6
Let n = -4 + 13. Suppose -5*m + 13 = -0*k + 3*k, m - k = n. Suppose 8 + 2 = m*x. Let o(u) = 2*u**2 + 3*u - 1. Determine o(x).
13
Let u(w) = w**2 - 2*w + 1. Let t be (-2*(103/2 - 1))/1. Let o = -100 - t. What is u(o)?
0
Let c be ((-4)/6)/(10/15). Let f = -24 - c. Let w = 18 + f. Let j(h) = -3*h - 5. What is j(w)?
10
Let s be (-16)/(-9) + (-4)/(-18). Let z be 1 - -1 - -3 - s. Let w(p) = p**2 - 1 - 8 + 0*p**2 - p**z - 1. What is w(0)?
-10
Let f(a) = 3*a - 2. Suppose -28 = -3*x - 4*x. Suppose -4*g = 5*y - 10, -x*y + 0*g - 28 = -4*g. Give f(y).
-8
Suppose -n - z + 19 = 0, -32*n + 28*n - 5*z + 77 = 0. Let k(i) = i**2 - 17*i - 25. Calculate k(n).
-7
Let n(o) = -7*o**2 - 7*o. Let p(r) = -8*r**2 - 8*r. Let j(d) = 7*n(d) - 6*p(d). Let s(b) = -b**2 + b + 1. Let a = -78 + 77. Let t be s(a). Calculate j(t).
0
Let i(d) = 687 - 6*d - 215 - 230 - 172. Give i(11).
4
Let f(r) = -r**2 - 2. Let h(s) = 20*s - 103. Let l be h(5). What is f(l)?
-11
Let i be (2/3)/((-10)/15). Let a = i + 3. Let v be (a/5)/(6/15). Let j(u) = -5*u. What is j(v)?
-5
Let w(o) = o**3 + 5*o**2 + 5*o + 4. Let z(l) = 26*l**2 - 7 - 54*l**2 + 17*l + 27*l**2. Let m be z(15). Let j = m + -27. Determine w(j).
0
Suppose -1428*m = -1427*m + 2. Let z(p) = -p**2 - 2*p. Give z(m).
0
Let v(k) = 6*k**3 + 6*k**2 + 1. Let t(z) = 5*z**3 + 6*z**2 + z + 2. Let m(o) = 7*t(o) - 6*v(o). Give m(7).
8
Let w(o) be the first derivative of o**4/4 - 4*o**3/3 + o**2 + 31. Calculate w(4).
8
Let s = -1 - 0. Let f(o) = -4*o**2 + 2*o - 3. Let b(k) = k - 1. Let m(v) = 2*b(v) - f(v). Give m(s).
5
Let k(t) be the first derivative of -t**2/2 + 9*t - 173. Determine k(9).
0
Let m be 3 + (-4 - 2) - -18. Suppose 12 = g + 4*t - m, 0 = 2*g + 3*t - 44. Let u(s) = -13*s**3 - 1 - 5*s**3 + 3*s**2 + s + g*s**3. Determine u(-3).
-4
Let i(o) = 2*o + 2. Let v be (13 + 2)*(-5)/15. What is i(v)?
-8
Suppose 4*s - 2*w - w + 183 = 0, -4*w = -5*s - 229. Let i = 47 + s. Let u(h) = 4*h + 1. Give u(i).
9
Let z(n) be the second derivative of 0 + 1/3*n**3 - 8*n + 1/2*n**2. Suppose 0 = -3*m + y - 6*y - 6, -9 = m + 4*y. Give z(m).
7
Let d be 4*(65/(-20) - -4). Let a(t) = t**2 - 2*t + 2. Let z be a(2). Let y(u) = -3 - u**z - 1 + 3 + 5. Calculate y(d).
-5
Let w be -42 - (-3*2)/(-3). Let x(n) = -36*n - 22. Let l(g) = -5*g - 3. Let o(h) = w*l(h) + 6*x(h). What is o(-1)?
-4
Let y = 16 - 8. Let l(r) = 1 + y*r - 10*r - r - 5*r. Let v(d) = d**2 - 1. Let m(c) = l(c) - v(c). Calculate m(-6).
14
Let j(t) = 1348 - 1348 - t**3. Determine j(-1).
1
Let s(n) = -n**2 - 4*n + 5. Let j be (6/(-5))/((-4)/10). Suppose 0 = -5*b - 17 - j. Determine s(b).
5
Let k(t) = -2*t**3 + 2*t**2 + 3*t - 3. Suppose -17 = 4*b - 25. Give k(b).
-5
Let b(t) = -t**3 + 7*t**2 - 5*t - 3. Let k be ((-8)/(-6))/((-9)/(-27)). Suppose -u - 159 = k*r, 0 = 3*r - 5*u + 35 + 90. Let s be 18/63 - r/7. Determine b(s).
3
Let r(s) = 5*s**2 + 4*s + 25. Let b(w) be the first derivative of w**3/3 + w**2/2 + 6*w + 1. Let f(p) = 9*b(p) - 2*r(p). Let z = -5 + 8. Determine f(z).
-2
Let v(q) be the third derivative of -q**5/60 - q**4/24 + q**3/6 - 5*q**2. Suppose 4*o = -5*w + 64, -63 = -0*o - 5*o - 2*w. Suppose 1 = 5*d + o. What is v(d)?
-1
Let t(c) = c**2 + 8*c + 5. Let g(i) = i + 4. Let s be g(-4). Suppose s = -0*r - 4*r - 24. Give t(r).
-7
Suppose 0 = -5*v + 6 + 9. Suppose -23 = v*i - 2*n, 4*i = 3*i + n - 9. Let k(d) = d**2 + 7*d + 3. Determine k(i).
-7
Let c(d) = -d**3 - 11*d**2 - 2*d - 16. Suppose 0 = 14*a - 46 + 200. Determine c(a).
6
Let d(z) = 2*z**2 + 2*z + 5. Let w(q) = q**2 + 3. Let c(i) = 2*d(i) - 5*w(i). What is c(5)?
-10
Let u(d) = d**3 + 17*d**2 + 30*d - 5. Let o be u(-15). Let h(i) = -i**2 - 2*i - 4. What is h(o)?
-19
Let l be (-1 - -1) + -2 - -9. Let w(z) be the 